r = -14 - -16. Calculate the greatest common divisor of r and i.
1
Let m(f) = -f**3 - f**2. Let i(o) = 3*o**3 + 2*o**2 + 2*o + 16. Let b(j) = i(j) + 2*m(j). Let g be b(0). What is the greatest common factor of g and 112?
16
Suppose 0 = 15*s - 14*s - 208. Calculate the highest common divisor of 26 and s.
26
Let s = 31 - 20. Let t(w) = -w**2 + 7*w - 1. Let g(u) = -u. Let n(o) = -3*g(o) - t(o). Let j be n(7). Calculate the highest common divisor of s and j.
11
Suppose -114 = -y - y. Suppose -n + 8 = -y. Calculate the greatest common divisor of n and 26.
13
Let y be ((-2)/4 + 0)*0. Let m be 2 - ((-2 - y) + 2). Suppose -5*n = -0*t + t - 68, t - m*n - 96 = 0. Calculate the greatest common factor of t and 11.
11
Let p be 37/5 - 18/(-30). Let l be 70*1/10*p. Suppose -2 = -z + 6. Calculate the greatest common divisor of z and l.
8
Let w(k) = -k - 8. Let o = -28 + 18. Let h be w(o). Let d(q) = -2*q**3 - 2*q**2 + q - 2. Let s be d(-2). What is the highest common factor of h and s?
2
Let r be 0 + -34 + 0/3. Let t = 104 + r. Calculate the highest common factor of t and 14.
14
Let q = 6 + -1. Let a(t) = 5*t - 4. Let j(c) = c**2 - 9*c + 9. Let m(h) = q*a(h) + 2*j(h). Let p be m(-6). What is the highest common divisor of 4 and p?
4
Let d = 15 - 11. Let j be 3/(-12) - (-17)/d. Suppose 2*h + 34 = j*h. What is the highest common factor of h and 68?
17
Suppose -2*g = -z + 1, -4*z + g + 10 = -29. What is the greatest common factor of z and 99?
11
Let c be 108/2 + (-4)/(-2). What is the greatest common divisor of c and 14?
14
Let x(o) = -o**2 - 4*o. Let u be x(-6). Let l be ((-1)/(-2))/((-1)/u). Let g be 4 + 2 + -5 - 141/(-3). What is the greatest common factor of g and l?
6
Suppose 12 = 3*k + k. Let b be 3 - (k + 130)*-1. Suppose 9 = -2*r - 3*l + 55, -r + 9 = -2*l. Calculate the highest common divisor of r and b.
17
Suppose l = 2*p - 2, 2*p - 2 + 0 = 0. Let o(z) = z**3 + z**2 - z + 5. Let h be o(l). Let r = h + 7. Calculate the highest common factor of r and 60.
12
Suppose 3*h = 5*u - 88, 0 = h - 2*h - 5*u + 4. Let d be h/(-1) + 2 + -2. Calculate the highest common factor of 105 and d.
21
Let v(b) = 3*b**3 - b**2 + 4*b - 7. Let n be v(3). Calculate the highest common factor of 11 and n.
11
Let c be (3/3 - -50) + -1. Suppose 0 = 4*x - 29 - 11. Calculate the greatest common divisor of x and c.
10
Suppose 3*c = -2*v + 10, 0 = -2*c + 5*v + 20 + 12. Let q(s) = 4*s + 6. Let k be q(3). Calculate the highest common divisor of c and k.
6
Let a(f) = f**2 - 5*f + 2. Suppose -4*g + g + 4*n + 28 = 0, -g = -2*n - 10. Let k be a(g). Calculate the greatest common divisor of 78 and k.
26
Let c = -23 - -100. Calculate the highest common factor of 11 and c.
11
Suppose 5*y - 168 = -63. Suppose -p = -0*p - 42. What is the highest common divisor of p and y?
21
Let l(j) be the first derivative of 39*j**2/2 - 2*j + 2. Let t be l(4). Calculate the highest common factor of t and 14.
14
Let f(p) = 3*p**2 + 8*p + 13. Let g be f(6). Calculate the highest common divisor of 13 and g.
13
Let l = 200 - 109. What is the highest common divisor of l and 13?
13
Suppose -3*l = y - 15, y + 16 = 5*l - 9. Suppose -39 = l*j - 239. What is the highest common factor of j and 10?
10
Let g = 43 + -73. Let v = 56 + g. Let t = -27 - -92. Calculate the highest common factor of v and t.
13
Let i(v) = -6 + 1 - 4*v + 1. Let u be i(-4). What is the highest common divisor of u and 60?
12
Suppose 4*j + 3*f - 101 = -0*j, -3*j + 107 = -4*f. What is the highest common factor of 87 and j?
29
Let b(x) be the first derivative of 2 - 5*x**2 + 3*x**2 - 10*x + 3*x**2. Let c be b(8). Calculate the greatest common divisor of c and 66.
6
Let c(n) = 4 + 2*n + 3 + 0 - 6. Let j be c(8). What is the highest common factor of 17 and j?
17
Suppose -5*o = -2*w + 6, -5*w + 8 = -2*o - 7. Suppose -32 = w*k - 329. Let f be 2/(-4) + k/6. Calculate the highest common divisor of 64 and f.
16
Let z(u) = -4*u + 2. Let f be z(-4). Let v = 53 + 37. Suppose -3*i - v = -8*i. Calculate the highest common divisor of f and i.
18
Let y(u) = 86*u - 8. Let l be y(2). Calculate the highest common divisor of 41 and l.
41
Suppose 0 = 4*i - 3*x - 41, -x + 4*x - 43 = -2*i. What is the highest common divisor of 14 and i?
14
Let d = -1 - -14. Let a be (-104)/(-10)*(2 + 8). Calculate the greatest common factor of a and d.
13
Suppose 652 = 2*p + 5*c, c + c - 1304 = -4*p. Suppose -70 = 4*z - p. What is the greatest common factor of 8 and z?
8
Let s(a) be the first derivative of -20*a**2 - 3*a - 1. Let p be 5*((-3)/5 + 0). Let l be s(p). What is the greatest common factor of l and 13?
13
Suppose -q - 2 = -3. Suppose -5*g = -3*g - 6. Calculate the greatest common factor of q and g.
1
Let q be 68 - (8/4 - 6). What is the highest common factor of 48 and q?
24
Suppose -n - 807 = 2*n. Let h = -137 - n. Let z be (h/(-16))/(3/(-8)). What is the highest common factor of 2 and z?
2
Suppose -g - 2*g = -84. Let t(b) = -b**2 + 16*b + 22. Let z be t(12). What is the greatest common divisor of z and g?
14
Let u(h) = 2*h**2 + 4*h + 2. Let f be u(-4). What is the highest common divisor of f and 45?
9
Let x = -26 - -50. Calculate the highest common factor of 24 and x.
24
Let c = -7 + 13. Let d be (-3 + 20/c)*18. Calculate the greatest common factor of d and 48.
6
Let s be -2 - (3 + -2 + -2). Let y = -1 - s. Suppose 3*k + y = 9. What is the greatest common factor of k and 33?
3
Let c be 3*-2*(-200)/30. Calculate the greatest common divisor of c and 5.
5
Suppose -92 = -3*h - h + 5*f, 2*h - 52 = 4*f. Let m be (-7)/(1*2/(-36)). Calculate the greatest common divisor of m and h.
18
Suppose u + 43 = j, -8*u = 5*j - 3*u - 175. Let x be ((-39)/4)/(3/(-8)). What is the greatest common divisor of x and j?
13
Suppose 3*l + 15 = 6*l. Suppose 4*d = -2*r + 38 + 90, -5*d = l*r - 170. Calculate the highest common divisor of 10 and d.
10
Let s(d) be the third derivative of -d**6/120 + d**5/12 + d**4/8 - 7*d**3/6 + 2*d**2. Let t be s(5). What is the highest common factor of t and 20?
4
Let i(s) be the second derivative of -s**4/12 + 4*s**3/3 - 5*s**2/2 - s. Let a be i(7). Suppose -4 + 12 = a*x. What is the greatest common divisor of x and 10?
2
Let f(j) = -2*j**3 + j**2 - 1. Let b be f(-1). Let m(k) = -2*k**2 + 125*k + 2*k**3 - 125*k. Let d be m(b). Calculate the highest common divisor of d and 2.
2
Let v(c) = c**2 + 5*c - 6. Let z be v(-6). Let i be (z + 32 - -4)/2. What is the greatest common divisor of 18 and i?
18
Let p(k) = -19*k - 1. Let f be p(-3). What is the greatest common factor of f and 16?
8
Suppose 13*m - 350 = 79. What is the greatest common divisor of m and 6?
3
Let q be (31 - 2) + (-1 - -2). Suppose -d - 4*g = 5, -d + 4*g + 48 - 13 = 0. What is the highest common factor of d and q?
15
Let y(z) be the first derivative of 5*z**3 - 1 + z + 24*z**3 + 3. Let n be y(-1). Calculate the highest common factor of n and 11.
11
Let s(t) = -t**2 + 3*t + 5. Let g be -10*(8/5 + -2). Let h be s(g). What is the greatest common divisor of 1 and h?
1
Let h = -5 - -12. Suppose 0 = -5*y - 2*a - h, 0 = 4*a - 3*a + 1. Let p be (y + 0)/(-1) + 23. Calculate the greatest common factor of p and 8.
8
Suppose 0 = 5*l - 8*z + 3*z - 125, 5*z - 1 = -l. Suppose -s - l = -4*s - 3*n, 5*n = 2*s + 7. Calculate the highest common divisor of s and 32.
4
Let r(i) = 6*i**3 - 3*i**2 - 3*i. Let v be r(3). Let z(n) = -n**3 + 4*n**2 + 2*n - 1. Let q be z(3). Calculate the highest common factor of q and v.
14
Let f(a) = -a**2 - 4*a + 11. Let t be f(-5). What is the highest common factor of 6 and t?
6
Suppose 0 = 2*d + 22 - 78. Calculate the greatest common factor of d and 14.
14
Let l = -10 + 4. Let o = l + 41. What is the highest common factor of 14 and o?
7
Let r be 10/8 + (-4)/16. What is the greatest common divisor of r and 1?
1
Suppose -3 = -4*r + r. Let y = -4 - -5. Suppose k - y = 2. Calculate the greatest common factor of r and k.
1
Let w = 106 + -104. Suppose 0 = 4*z - 362 - 150. Let g be (-2)/7 - z/(-7). Calculate the highest common factor of w and g.
2
Let t(d) = -d**3 + 8*d**2 - 6*d - 3. Let g be t(7). What is the greatest common factor of g and 8?
4
Suppose 4*n + 2 = r + 5, 2*r - 10 = 0. Let b be 0 + (1 - 0) + 3. Calculate the highest common divisor of n and b.
2
Let y(w) = w**3 - 4*w**2 + 9*w + 2. Let f be y(4).